{"id":3867,"date":"2023-10-08T09:46:16","date_gmt":"2023-10-08T07:46:16","guid":{"rendered":"https:\/\/lleidaesportiu.futbol\/?post_type=lleida-media&#038;p=3867"},"modified":"2023-10-08T09:46:16","modified_gmt":"2023-10-08T07:46:16","slug":"%f0%9f%94%b4%f0%9f%8e%99%ef%b8%8f-rdp-dangel-viadero-previa-lleida-pena-segundarfef","status":"publish","type":"lleida-media","link":"https:\/\/lleidacf.cat\/es\/lleida-media\/rdp-dangel-viadero-previa-lleida-pena-segundarfef\/","title":{"rendered":"\ud83d\udd34\ud83c\udf99\ufe0f RDP d&#8217;\u00c1NGEL VIADERO pr\u00e8via (LLEIDA &#8211; PE\u00d1A) #SegundaRFEF"},"template":"","temporada":[],"class_list":["post-3867","lleida-media","type-lleida-media","status-publish","hentry"],"_links":{"self":[{"href":"https:\/\/lleidacf.cat\/es\/wp-json\/wp\/v2\/lleida-media\/3867","targetHints":{"allow":["GET"]}}],"collection":[{"href":"https:\/\/lleidacf.cat\/es\/wp-json\/wp\/v2\/lleida-media"}],"about":[{"href":"https:\/\/lleidacf.cat\/es\/wp-json\/wp\/v2\/types\/lleida-media"}],"wp:attachment":[{"href":"https:\/\/lleidacf.cat\/es\/wp-json\/wp\/v2\/media?parent=3867"}],"wp:term":[{"taxonomy":"temporada","embeddable":true,"href":"https:\/\/lleidacf.cat\/es\/wp-json\/wp\/v2\/temporada?post=3867"}],"curies":[{"name":"wp","href":"https:\/\/api.w.org\/{rel}","templated":true}]}}

🔴🎙️ RDP d&#8217;ÁNGEL VIADERO prèvia (LLEIDA &#8211; PEÑA) #SegundaRFEF
