{"id":5721,"date":"2024-07-18T13:37:22","date_gmt":"2024-07-18T11:37:22","guid":{"rendered":"https:\/\/lleidacf.cat\/?post_type=lleida-media&#038;p=5721"},"modified":"2024-07-18T13:37:22","modified_gmt":"2024-07-18T11:37:22","slug":"roda-de-premsa-preseentacio-adri-gene-i-fran-perez-lleidacf","status":"publish","type":"lleida-media","link":"https:\/\/lleidacf.cat\/es\/lleida-media\/roda-de-premsa-preseentacio-adri-gene-i-fran-perez-lleidacf\/","title":{"rendered":"RODA DE PREMSA PRESEENTACI\u00d3 | ADRI GEN\u00c9 I FRAN P\u00c9REZ #LleidaCF"},"template":"","temporada":[],"class_list":["post-5721","lleida-media","type-lleida-media","status-publish","hentry"],"_links":{"self":[{"href":"https:\/\/lleidacf.cat\/es\/wp-json\/wp\/v2\/lleida-media\/5721","targetHints":{"allow":["GET"]}}],"collection":[{"href":"https:\/\/lleidacf.cat\/es\/wp-json\/wp\/v2\/lleida-media"}],"about":[{"href":"https:\/\/lleidacf.cat\/es\/wp-json\/wp\/v2\/types\/lleida-media"}],"wp:attachment":[{"href":"https:\/\/lleidacf.cat\/es\/wp-json\/wp\/v2\/media?parent=5721"}],"wp:term":[{"taxonomy":"temporada","embeddable":true,"href":"https:\/\/lleidacf.cat\/es\/wp-json\/wp\/v2\/temporada?post=5721"}],"curies":[{"name":"wp","href":"https:\/\/api.w.org\/{rel}","templated":true}]}}

RODA DE PREMSA PRESEENTACIÓ | ADRI GENÉ I FRAN PÉREZ #LleidaCF
