{"id":7707,"date":"2025-10-04T13:54:08","date_gmt":"2025-10-04T11:54:08","guid":{"rendered":"https:\/\/lleidacf.cat\/?post_type=plantilla&#038;p=7707"},"modified":"2026-02-02T11:01:06","modified_gmt":"2026-02-02T10:01:06","slug":"marc-alegre","status":"publish","type":"plantilla","link":"https:\/\/lleidacf.cat\/es\/plantilla\/marc-alegre\/","title":{"rendered":"Marc Alegre"},"content":{"rendered":"<p>Marc Alegre Lozano \u00e9s un defensa catal\u00e0 nascut el 19 d\u2019abril de 2002 que afronta la seva primera temporada al&nbsp;<strong>Lleida CF<\/strong>. Lateral dret amb capacitat per actuar tamb\u00e9 com a central, destaca per la seva solidesa defensiva, bona col\u00b7locaci\u00f3 i intensitat en els duels.<\/p>\n\n\n\n<p>Format al&nbsp;<strong>FC Barcelona<\/strong>&nbsp;en etapa juvenil, ha passat per clubs de pes com el&nbsp;<strong>Girona FC B<\/strong>, el&nbsp;<strong>Real Oviedo Vetusta<\/strong>&nbsp;i el&nbsp;<strong>CF Badalona<\/strong>, acumulant experi\u00e8ncia a&nbsp;<strong>Tercera Federaci\u00f3<\/strong>&nbsp;i&nbsp;<strong>Divisi\u00f3 d\u2019Honor<\/strong>. Amb m\u00e9s de cent partits a la seva carrera, arriba al conjunt blau per refor\u00e7ar la l\u00ednia defensiva i aportar consist\u00e8ncia i maduresa al lateral dret.<\/p>","protected":false},"featured_media":7708,"template":"","nacionalitat":[52],"club":[71],"ocupacio":[27,25],"class_list":["post-7707","plantilla","type-plantilla","status-publish","has-post-thumbnail","hentry","nacionalitat-espanya","club-lleida-cf","ocupacio-defensa","ocupacio-jugador"],"_links":{"self":[{"href":"https:\/\/lleidacf.cat\/es\/wp-json\/wp\/v2\/plantilla\/7707","targetHints":{"allow":["GET"]}}],"collection":[{"href":"https:\/\/lleidacf.cat\/es\/wp-json\/wp\/v2\/plantilla"}],"about":[{"href":"https:\/\/lleidacf.cat\/es\/wp-json\/wp\/v2\/types\/plantilla"}],"wp:featuredmedia":[{"embeddable":true,"href":"https:\/\/lleidacf.cat\/es\/wp-json\/wp\/v2\/media\/7708"}],"wp:attachment":[{"href":"https:\/\/lleidacf.cat\/es\/wp-json\/wp\/v2\/media?parent=7707"}],"wp:term":[{"taxonomy":"nacionalitat","embeddable":true,"href":"https:\/\/lleidacf.cat\/es\/wp-json\/wp\/v2\/nacionalitat?post=7707"},{"taxonomy":"club","embeddable":true,"href":"https:\/\/lleidacf.cat\/es\/wp-json\/wp\/v2\/club?post=7707"},{"taxonomy":"ocupacio","embeddable":true,"href":"https:\/\/lleidacf.cat\/es\/wp-json\/wp\/v2\/ocupacio?post=7707"}],"curies":[{"name":"wp","href":"https:\/\/api.w.org\/{rel}","templated":true}]}}

<p>Marc Alegre Lozano és un defensa català nascut el 19 d’abril de 2002 que afronta la seva primera temporada al&nbsp;<strong>Lleida CF</strong>. Lateral dret amb capacitat per actuar també com a central, destaca per la seva solidesa defensiva, bona col·locació i intensitat en els duels.</p>



<p>Format al&nbsp;<strong>FC Barcelona</strong>&nbsp;en etapa juvenil, ha passat per clubs de pes com el&nbsp;<strong>Girona FC B</strong>, el&nbsp;<strong>Real Oviedo Vetusta</strong>&nbsp;i el&nbsp;<strong>CF Badalona</strong>, acumulant experiència a&nbsp;<strong>Tercera Federació</strong>&nbsp;i&nbsp;<strong>Divisió d’Honor</strong>. Amb més de cent partits a la seva carrera, arriba al conjunt blau per reforçar la línia defensiva i aportar consistència i maduresa al lateral dret.</p>
