{"id":7709,"date":"2025-10-04T14:02:48","date_gmt":"2025-10-04T12:02:48","guid":{"rendered":"https:\/\/lleidacf.cat\/?post_type=plantilla&#038;p=7709"},"modified":"2025-10-04T14:03:14","modified_gmt":"2025-10-04T12:03:14","slug":"boaz-hallebek","status":"publish","type":"plantilla","link":"https:\/\/lleidacf.cat\/es\/plantilla\/boaz-hallebek\/","title":{"rendered":"Boaz Hallebeek"},"content":{"rendered":"<p>Boaz Martijn Hallebeek \u00e9s un defensa neerland\u00e8s nascut el&nbsp;<strong>25 de juliol del 2002 a Utrecht (Pa\u00efsos Baixos)<\/strong>. Lateral esquerre de&nbsp;<strong>1,78 m<\/strong>&nbsp;i&nbsp;<strong>68 kg<\/strong>, destaca per la seva solidesa defensiva, la seva lectura t\u00e0ctica i la seva capacitat per projectar-se en atac amb un peu esquerre prec\u00eds. Arriba al&nbsp;<strong>Lleida CF<\/strong>&nbsp;procedent del&nbsp;<strong>Deportivo Arag\u00f3n<\/strong>&nbsp;per refor\u00e7ar la banda esquerra de la defensa en el seu primer curs a la&nbsp;<strong>Tercera Federaci\u00f3<\/strong>.<\/p>\n\n\n\n<p><\/p>","protected":false},"featured_media":7710,"template":"","nacionalitat":[],"club":[71],"ocupacio":[27,25],"class_list":["post-7709","plantilla","type-plantilla","status-publish","has-post-thumbnail","hentry","club-lleida-cf","ocupacio-defensa","ocupacio-jugador"],"_links":{"self":[{"href":"https:\/\/lleidacf.cat\/es\/wp-json\/wp\/v2\/plantilla\/7709","targetHints":{"allow":["GET"]}}],"collection":[{"href":"https:\/\/lleidacf.cat\/es\/wp-json\/wp\/v2\/plantilla"}],"about":[{"href":"https:\/\/lleidacf.cat\/es\/wp-json\/wp\/v2\/types\/plantilla"}],"wp:featuredmedia":[{"embeddable":true,"href":"https:\/\/lleidacf.cat\/es\/wp-json\/wp\/v2\/media\/7710"}],"wp:attachment":[{"href":"https:\/\/lleidacf.cat\/es\/wp-json\/wp\/v2\/media?parent=7709"}],"wp:term":[{"taxonomy":"nacionalitat","embeddable":true,"href":"https:\/\/lleidacf.cat\/es\/wp-json\/wp\/v2\/nacionalitat?post=7709"},{"taxonomy":"club","embeddable":true,"href":"https:\/\/lleidacf.cat\/es\/wp-json\/wp\/v2\/club?post=7709"},{"taxonomy":"ocupacio","embeddable":true,"href":"https:\/\/lleidacf.cat\/es\/wp-json\/wp\/v2\/ocupacio?post=7709"}],"curies":[{"name":"wp","href":"https:\/\/api.w.org\/{rel}","templated":true}]}}

<p>Boaz Martijn Hallebeek és un defensa neerlandès nascut el&nbsp;<strong>25 de juliol del 2002 a Utrecht (Països Baixos)</strong>. Lateral esquerre de&nbsp;<strong>1,78 m</strong>&nbsp;i&nbsp;<strong>68 kg</strong>, destaca per la seva solidesa defensiva, la seva lectura tàctica i la seva capacitat per projectar-se en atac amb un peu esquerre precís. Arriba al&nbsp;<strong>Lleida CF</strong>&nbsp;procedent del&nbsp;<strong>Deportivo Aragón</strong>&nbsp;per reforçar la banda esquerra de la defensa en el seu primer curs a la&nbsp;<strong>Tercera Federació</strong>.</p>



<p></p>
