{"id":7711,"date":"2025-10-05T13:08:13","date_gmt":"2025-10-05T11:08:13","guid":{"rendered":"https:\/\/lleidacf.cat\/?post_type=plantilla&#038;p=7711"},"modified":"2025-11-24T23:10:27","modified_gmt":"2025-11-24T22:10:27","slug":"joan-rusinol","status":"publish","type":"plantilla","link":"https:\/\/lleidacf.cat\/es\/plantilla\/joan-rusinol\/","title":{"rendered":"Joan Rusi\u00f1ol"},"content":{"rendered":"<p>Joan Rusi\u00f1ol Galeote \u00e9s un\u00a0<strong>defensa lleidat\u00e0<\/strong>\u00a0nascut el\u00a0<strong>27 d\u2019abril del 2000<\/strong>. Amb\u00a0<strong>1,91 metres d\u2019al\u00e7ada<\/strong>, \u00e9s un jugador polivalent que pot actuar tant de\u00a0<strong>migcentre defensiu<\/strong>\u00a0com de\u00a0<strong>lateral esquerre<\/strong>, aportant f\u00edsic, equilibri i una bona sortida de pilota. Format en el futbol catal\u00e0, acumula experi\u00e8ncia en diverses categories nacionals abans d\u2019incorporar-se al\u00a0<strong>Lleida CF<\/strong>\u00a0l\u2019estiu del 2025.<br><\/p>\n\n\n\n<p><\/p>","protected":false},"featured_media":7712,"template":"","nacionalitat":[52],"club":[71],"ocupacio":[25,28],"class_list":["post-7711","plantilla","type-plantilla","status-publish","has-post-thumbnail","hentry","nacionalitat-espanya","club-lleida-cf","ocupacio-jugador","ocupacio-migcampista"],"_links":{"self":[{"href":"https:\/\/lleidacf.cat\/es\/wp-json\/wp\/v2\/plantilla\/7711","targetHints":{"allow":["GET"]}}],"collection":[{"href":"https:\/\/lleidacf.cat\/es\/wp-json\/wp\/v2\/plantilla"}],"about":[{"href":"https:\/\/lleidacf.cat\/es\/wp-json\/wp\/v2\/types\/plantilla"}],"wp:featuredmedia":[{"embeddable":true,"href":"https:\/\/lleidacf.cat\/es\/wp-json\/wp\/v2\/media\/7712"}],"wp:attachment":[{"href":"https:\/\/lleidacf.cat\/es\/wp-json\/wp\/v2\/media?parent=7711"}],"wp:term":[{"taxonomy":"nacionalitat","embeddable":true,"href":"https:\/\/lleidacf.cat\/es\/wp-json\/wp\/v2\/nacionalitat?post=7711"},{"taxonomy":"club","embeddable":true,"href":"https:\/\/lleidacf.cat\/es\/wp-json\/wp\/v2\/club?post=7711"},{"taxonomy":"ocupacio","embeddable":true,"href":"https:\/\/lleidacf.cat\/es\/wp-json\/wp\/v2\/ocupacio?post=7711"}],"curies":[{"name":"wp","href":"https:\/\/api.w.org\/{rel}","templated":true}]}}

Joan Rusiñol

<p>Joan Rusiñol Galeote és un <strong>defensa lleidatà</strong> nascut el <strong>27 d’abril del 2000</strong>. Amb <strong>1,91 metres d’alçada</strong>, és un jugador polivalent que pot actuar tant de <strong>migcentre defensiu</strong> com de <strong>lateral esquerre</strong>, aportant físic, equilibri i una bona sortida de pilota. Format en el futbol català, acumula experiència en diverses categories nacionals abans d’incorporar-se al <strong>Lleida CF</strong> l’estiu del 2025.<br></p>



<p></p>
