{"id":7713,"date":"2025-10-05T13:18:18","date_gmt":"2025-10-05T11:18:18","guid":{"rendered":"https:\/\/lleidacf.cat\/?post_type=plantilla&#038;p=7713"},"modified":"2026-02-02T11:00:32","modified_gmt":"2026-02-02T10:00:32","slug":"marc-garcia","status":"publish","type":"plantilla","link":"https:\/\/lleidacf.cat\/es\/plantilla\/marc-garcia\/","title":{"rendered":"Marc Garcia"},"content":{"rendered":"<p>Marc Garc\u00eda Renom \u00e9s un\u00a0<strong>defensor internacional andorr\u00e0<\/strong>\u00a0nascut el\u00a0<strong>21 de mar\u00e7 de 1988<\/strong>\u00a0a\u00a0<strong>Andorra la Vella<\/strong>. Amb\u00a0<strong>37 anys<\/strong>, \u00e9s un dels jugadors m\u00e9s veterans i experimentats de la plantilla del\u00a0<strong>Lleida CF<\/strong>, equip amb el qual afronta la temporada\u00a0<strong>2025-26<\/strong>\u00a0despr\u00e9s d\u2019arribar procedent de la\u00a0<strong>UD Fraga<\/strong>.<br>Lateral esquerre natural, tamb\u00e9 pot actuar com a\u00a0<strong>extrem<\/strong>\u00a0gr\u00e0cies a la seva bona projecci\u00f3 ofensiva i experi\u00e8ncia t\u00e0ctica. Internacional absolut amb\u00a0<strong>Andorra<\/strong>, ha disputat m\u00e9s de\u00a0<strong>70 partits oficials<\/strong>\u00a0amb la seva selecci\u00f3 i ha estat pe\u00e7a clau en la seva defensa durant m\u00e9s d\u2019una d\u00e8cada.<\/p>","protected":false},"featured_media":7714,"template":"","nacionalitat":[75],"club":[71],"ocupacio":[27,25],"class_list":["post-7713","plantilla","type-plantilla","status-publish","has-post-thumbnail","hentry","nacionalitat-andorra","club-lleida-cf","ocupacio-defensa","ocupacio-jugador"],"_links":{"self":[{"href":"https:\/\/lleidacf.cat\/es\/wp-json\/wp\/v2\/plantilla\/7713","targetHints":{"allow":["GET"]}}],"collection":[{"href":"https:\/\/lleidacf.cat\/es\/wp-json\/wp\/v2\/plantilla"}],"about":[{"href":"https:\/\/lleidacf.cat\/es\/wp-json\/wp\/v2\/types\/plantilla"}],"wp:featuredmedia":[{"embeddable":true,"href":"https:\/\/lleidacf.cat\/es\/wp-json\/wp\/v2\/media\/7714"}],"wp:attachment":[{"href":"https:\/\/lleidacf.cat\/es\/wp-json\/wp\/v2\/media?parent=7713"}],"wp:term":[{"taxonomy":"nacionalitat","embeddable":true,"href":"https:\/\/lleidacf.cat\/es\/wp-json\/wp\/v2\/nacionalitat?post=7713"},{"taxonomy":"club","embeddable":true,"href":"https:\/\/lleidacf.cat\/es\/wp-json\/wp\/v2\/club?post=7713"},{"taxonomy":"ocupacio","embeddable":true,"href":"https:\/\/lleidacf.cat\/es\/wp-json\/wp\/v2\/ocupacio?post=7713"}],"curies":[{"name":"wp","href":"https:\/\/api.w.org\/{rel}","templated":true}]}}

<p>Marc García Renom és un <strong>defensor internacional andorrà</strong> nascut el <strong>21 de març de 1988</strong> a <strong>Andorra la Vella</strong>. Amb <strong>37 anys</strong>, és un dels jugadors més veterans i experimentats de la plantilla del <strong>Lleida CF</strong>, equip amb el qual afronta la temporada <strong>2025-26</strong> després d’arribar procedent de la <strong>UD Fraga</strong>.<br>Lateral esquerre natural, també pot actuar com a <strong>extrem</strong> gràcies a la seva bona projecció ofensiva i experiència tàctica. Internacional absolut amb <strong>Andorra</strong>, ha disputat més de <strong>70 partits oficials</strong> amb la seva selecció i ha estat peça clau en la seva defensa durant més d’una dècada.</p>
