{"id":7715,"date":"2025-10-06T23:07:52","date_gmt":"2025-10-06T21:07:52","guid":{"rendered":"https:\/\/lleidacf.cat\/?post_type=plantilla&#038;p=7715"},"modified":"2026-02-02T11:00:02","modified_gmt":"2026-02-02T10:00:02","slug":"matias-sempe","status":"publish","type":"plantilla","link":"https:\/\/lleidacf.cat\/es\/plantilla\/matias-sempe\/","title":{"rendered":"Mat\u00edas Sempe"},"content":{"rendered":"<p>Mat\u00edas Nicol\u00e1s Semp\u00e9 \u00e9s un lateral esquerre argent\u00ed amb passaport itali\u00e0 nascut el&nbsp;<strong>5 d\u2019agost de 1993 a Buenos Aires<\/strong>. Futbolista amb una \u00e0mplia traject\u00f2ria al futbol aragon\u00e8s i catal\u00e0, destaca per la seva&nbsp;<strong>seguretat defensiva, const\u00e0ncia f\u00edsica i comprom\u00eds t\u00e0ctic<\/strong>.<\/p>\n\n\n\n<p>Jugador d\u2019equip, Semp\u00e9 aporta&nbsp;<strong>equilibri i experi\u00e8ncia<\/strong>&nbsp;a la banda esquerra del Lleida CF, gr\u00e0cies a la seva capacitat per tancar la l\u00ednia defensiva i projectar-se amb criteri en atac. Amb m\u00e9s de&nbsp;<strong>230 partits oficials<\/strong>&nbsp;a la seva carrera, \u00e9s un dels futbolistes m\u00e9s experimentats de la plantilla.<\/p>","protected":false},"featured_media":7732,"template":"","nacionalitat":[55],"club":[71],"ocupacio":[27,25],"class_list":["post-7715","plantilla","type-plantilla","status-publish","has-post-thumbnail","hentry","nacionalitat-argentina","club-lleida-cf","ocupacio-defensa","ocupacio-jugador"],"_links":{"self":[{"href":"https:\/\/lleidacf.cat\/es\/wp-json\/wp\/v2\/plantilla\/7715","targetHints":{"allow":["GET"]}}],"collection":[{"href":"https:\/\/lleidacf.cat\/es\/wp-json\/wp\/v2\/plantilla"}],"about":[{"href":"https:\/\/lleidacf.cat\/es\/wp-json\/wp\/v2\/types\/plantilla"}],"wp:featuredmedia":[{"embeddable":true,"href":"https:\/\/lleidacf.cat\/es\/wp-json\/wp\/v2\/media\/7732"}],"wp:attachment":[{"href":"https:\/\/lleidacf.cat\/es\/wp-json\/wp\/v2\/media?parent=7715"}],"wp:term":[{"taxonomy":"nacionalitat","embeddable":true,"href":"https:\/\/lleidacf.cat\/es\/wp-json\/wp\/v2\/nacionalitat?post=7715"},{"taxonomy":"club","embeddable":true,"href":"https:\/\/lleidacf.cat\/es\/wp-json\/wp\/v2\/club?post=7715"},{"taxonomy":"ocupacio","embeddable":true,"href":"https:\/\/lleidacf.cat\/es\/wp-json\/wp\/v2\/ocupacio?post=7715"}],"curies":[{"name":"wp","href":"https:\/\/api.w.org\/{rel}","templated":true}]}}

Matías Sempe

<p>Matías Nicolás Sempé és un lateral esquerre argentí amb passaport italià nascut el&nbsp;<strong>5 d’agost de 1993 a Buenos Aires</strong>. Futbolista amb una àmplia trajectòria al futbol aragonès i català, destaca per la seva&nbsp;<strong>seguretat defensiva, constància física i compromís tàctic</strong>.</p>



<p>Jugador d’equip, Sempé aporta&nbsp;<strong>equilibri i experiència</strong>&nbsp;a la banda esquerra del Lleida CF, gràcies a la seva capacitat per tancar la línia defensiva i projectar-se amb criteri en atac. Amb més de&nbsp;<strong>230 partits oficials</strong>&nbsp;a la seva carrera, és un dels futbolistes més experimentats de la plantilla.</p>
