{"id":7717,"date":"2025-10-06T23:16:04","date_gmt":"2025-10-06T21:16:04","guid":{"rendered":"https:\/\/lleidacf.cat\/?post_type=plantilla&#038;p=7717"},"modified":"2025-10-13T22:07:29","modified_gmt":"2025-10-13T20:07:29","slug":"toni-escobedo","status":"publish","type":"plantilla","link":"https:\/\/lleidacf.cat\/es\/plantilla\/toni-escobedo\/","title":{"rendered":"Toni Escobedo"},"content":{"rendered":"<p>Antonio Jes\u00fas Escobedo Luna \u00e9s un&nbsp;<strong>defensa central tarragon\u00ed<\/strong>, nascut el&nbsp;<strong>29 de novembre de 1996 a Salou<\/strong>. Pot actuar tant de&nbsp;<strong>central<\/strong>&nbsp;com de&nbsp;<strong>lateral dret<\/strong>, i destaca per la seva&nbsp;<strong>fortalesa f\u00edsica, concentraci\u00f3 i contund\u00e8ncia en els duels aeris<\/strong>.<\/p>\n\n\n\n<p>Amb una traject\u00f2ria \u00e0mplia a la Tercera Federaci\u00f3 i experi\u00e8ncia en diferents clubs de l\u2019Estat i d\u2019Andorra, Escobedo \u00e9s un jugador\u00a0<strong>experimentat i competitiu<\/strong>, capa\u00e7 d\u2019aportar solidesa i lideratge a la rereguarda del Lleida CF.<\/p>\n\n\n\n<p><\/p>","protected":false},"featured_media":7718,"template":"","nacionalitat":[52],"club":[71],"ocupacio":[27,25],"class_list":["post-7717","plantilla","type-plantilla","status-publish","has-post-thumbnail","hentry","nacionalitat-espanya","club-lleida-cf","ocupacio-defensa","ocupacio-jugador"],"_links":{"self":[{"href":"https:\/\/lleidacf.cat\/es\/wp-json\/wp\/v2\/plantilla\/7717","targetHints":{"allow":["GET"]}}],"collection":[{"href":"https:\/\/lleidacf.cat\/es\/wp-json\/wp\/v2\/plantilla"}],"about":[{"href":"https:\/\/lleidacf.cat\/es\/wp-json\/wp\/v2\/types\/plantilla"}],"wp:featuredmedia":[{"embeddable":true,"href":"https:\/\/lleidacf.cat\/es\/wp-json\/wp\/v2\/media\/7718"}],"wp:attachment":[{"href":"https:\/\/lleidacf.cat\/es\/wp-json\/wp\/v2\/media?parent=7717"}],"wp:term":[{"taxonomy":"nacionalitat","embeddable":true,"href":"https:\/\/lleidacf.cat\/es\/wp-json\/wp\/v2\/nacionalitat?post=7717"},{"taxonomy":"club","embeddable":true,"href":"https:\/\/lleidacf.cat\/es\/wp-json\/wp\/v2\/club?post=7717"},{"taxonomy":"ocupacio","embeddable":true,"href":"https:\/\/lleidacf.cat\/es\/wp-json\/wp\/v2\/ocupacio?post=7717"}],"curies":[{"name":"wp","href":"https:\/\/api.w.org\/{rel}","templated":true}]}}

<p>Antonio Jesús Escobedo Luna és un&nbsp;<strong>defensa central tarragoní</strong>, nascut el&nbsp;<strong>29 de novembre de 1996 a Salou</strong>. Pot actuar tant de&nbsp;<strong>central</strong>&nbsp;com de&nbsp;<strong>lateral dret</strong>, i destaca per la seva&nbsp;<strong>fortalesa física, concentració i contundència en els duels aeris</strong>.</p>



<p>Amb una trajectòria àmplia a la Tercera Federació i experiència en diferents clubs de l’Estat i d’Andorra, Escobedo és un jugador <strong>experimentat i competitiu</strong>, capaç d’aportar solidesa i lideratge a la rereguarda del Lleida CF.</p>



<p></p>
