{"id":7721,"date":"2025-10-06T23:33:16","date_gmt":"2025-10-06T21:33:16","guid":{"rendered":"https:\/\/lleidacf.cat\/?post_type=plantilla&#038;p=7721"},"modified":"2025-11-24T23:07:08","modified_gmt":"2025-11-24T22:07:08","slug":"pau-russo","status":"publish","type":"plantilla","link":"https:\/\/lleidacf.cat\/es\/plantilla\/pau-russo\/","title":{"rendered":"Pau Russo"},"content":{"rendered":"<p>Pau Russo Aran \u00e9s un extrem\/davanter catal\u00e0 nascut el 4 de mar\u00e7 de 2002 a Tarragona. Afronta la seva primera temporada al Lleida CF despr\u00e9s d\u2019una traject\u00f2ria destacada en diversos clubs del futbol estatal.<\/p>\n\n\n\n<p>Davanter amb talent creatiu i bona lectura de joc, destaca per la seva visi\u00f3, la precisi\u00f3 en la passada i la capacitat per trencar l\u00ednies des de la segona l\u00ednia. Amb experi\u00e8ncia a categories com la Segona i Tercera Federaci\u00f3, arriba al conjunt blau per aportar dinamisme i qualitat al mig del camp.<\/p>","protected":false},"featured_media":7722,"template":"","nacionalitat":[52],"club":[71],"ocupacio":[29,25],"class_list":["post-7721","plantilla","type-plantilla","status-publish","has-post-thumbnail","hentry","nacionalitat-espanya","club-lleida-cf","ocupacio-davanter","ocupacio-jugador"],"_links":{"self":[{"href":"https:\/\/lleidacf.cat\/es\/wp-json\/wp\/v2\/plantilla\/7721","targetHints":{"allow":["GET"]}}],"collection":[{"href":"https:\/\/lleidacf.cat\/es\/wp-json\/wp\/v2\/plantilla"}],"about":[{"href":"https:\/\/lleidacf.cat\/es\/wp-json\/wp\/v2\/types\/plantilla"}],"wp:featuredmedia":[{"embeddable":true,"href":"https:\/\/lleidacf.cat\/es\/wp-json\/wp\/v2\/media\/7722"}],"wp:attachment":[{"href":"https:\/\/lleidacf.cat\/es\/wp-json\/wp\/v2\/media?parent=7721"}],"wp:term":[{"taxonomy":"nacionalitat","embeddable":true,"href":"https:\/\/lleidacf.cat\/es\/wp-json\/wp\/v2\/nacionalitat?post=7721"},{"taxonomy":"club","embeddable":true,"href":"https:\/\/lleidacf.cat\/es\/wp-json\/wp\/v2\/club?post=7721"},{"taxonomy":"ocupacio","embeddable":true,"href":"https:\/\/lleidacf.cat\/es\/wp-json\/wp\/v2\/ocupacio?post=7721"}],"curies":[{"name":"wp","href":"https:\/\/api.w.org\/{rel}","templated":true}]}}

<p>Pau Russo Aran és un extrem/davanter català nascut el 4 de març de 2002 a Tarragona. Afronta la seva primera temporada al Lleida CF després d’una trajectòria destacada en diversos clubs del futbol estatal.</p>



<p>Davanter amb talent creatiu i bona lectura de joc, destaca per la seva visió, la precisió en la passada i la capacitat per trencar línies des de la segona línia. Amb experiència a categories com la Segona i Tercera Federació, arriba al conjunt blau per aportar dinamisme i qualitat al mig del camp.</p>
