{"id":7723,"date":"2025-10-06T23:36:43","date_gmt":"2025-10-06T21:36:43","guid":{"rendered":"https:\/\/lleidacf.cat\/?post_type=plantilla&#038;p=7723"},"modified":"2025-10-06T23:37:14","modified_gmt":"2025-10-06T21:37:14","slug":"toni-marti-totti","status":"publish","type":"plantilla","link":"https:\/\/lleidacf.cat\/es\/plantilla\/toni-marti-totti\/","title":{"rendered":"Toni Mart\u00ed &#8220;Totti&#8221;"},"content":{"rendered":"<p>Toni Mart\u00ed Gum\u00e0, conegut futbol\u00edsticament com a&nbsp;<em>Totti<\/em>, \u00e9s un migcampista catal\u00e0 que afronta la seva primera temporada amb el&nbsp;<strong>Lleida CF<\/strong>. Jugador d\u2019equip amb una gran capacitat de treball i lectura t\u00e0ctica, destaca per la seva const\u00e0ncia, disciplina i solidesa en la zona ampla. \u00c9s un futbolista fiable, capa\u00e7 de donar equilibri a l\u2019equip tant en tasques defensives com en la sortida de pilota.<\/p>\n\n\n\n<p>Abans d\u2019arribar al conjunt blau, va defensar els colors del&nbsp;<strong>CDJ Tamarite<\/strong>, el&nbsp;<strong>CFJ Mollerussa<\/strong>&nbsp;i l\u2019<strong>Alcarr\u00e0s<\/strong>, acumulant m\u00e9s d\u2019un centenar de partits a la Tercera Federaci\u00f3 i a la Primera Catalana.<\/p>","protected":false},"featured_media":7724,"template":"","nacionalitat":[52],"club":[71],"ocupacio":[25,28],"class_list":["post-7723","plantilla","type-plantilla","status-publish","has-post-thumbnail","hentry","nacionalitat-espanya","club-lleida-cf","ocupacio-jugador","ocupacio-migcampista"],"_links":{"self":[{"href":"https:\/\/lleidacf.cat\/es\/wp-json\/wp\/v2\/plantilla\/7723","targetHints":{"allow":["GET"]}}],"collection":[{"href":"https:\/\/lleidacf.cat\/es\/wp-json\/wp\/v2\/plantilla"}],"about":[{"href":"https:\/\/lleidacf.cat\/es\/wp-json\/wp\/v2\/types\/plantilla"}],"wp:featuredmedia":[{"embeddable":true,"href":"https:\/\/lleidacf.cat\/es\/wp-json\/wp\/v2\/media\/7724"}],"wp:attachment":[{"href":"https:\/\/lleidacf.cat\/es\/wp-json\/wp\/v2\/media?parent=7723"}],"wp:term":[{"taxonomy":"nacionalitat","embeddable":true,"href":"https:\/\/lleidacf.cat\/es\/wp-json\/wp\/v2\/nacionalitat?post=7723"},{"taxonomy":"club","embeddable":true,"href":"https:\/\/lleidacf.cat\/es\/wp-json\/wp\/v2\/club?post=7723"},{"taxonomy":"ocupacio","embeddable":true,"href":"https:\/\/lleidacf.cat\/es\/wp-json\/wp\/v2\/ocupacio?post=7723"}],"curies":[{"name":"wp","href":"https:\/\/api.w.org\/{rel}","templated":true}]}}

Toni Martí &#8220;Totti&#8221;

<p>Toni Martí Gumà, conegut futbolísticament com a&nbsp;<em>Totti</em>, és un migcampista català que afronta la seva primera temporada amb el&nbsp;<strong>Lleida CF</strong>. Jugador d’equip amb una gran capacitat de treball i lectura tàctica, destaca per la seva constància, disciplina i solidesa en la zona ampla. És un futbolista fiable, capaç de donar equilibri a l’equip tant en tasques defensives com en la sortida de pilota.</p>



<p>Abans d’arribar al conjunt blau, va defensar els colors del&nbsp;<strong>CDJ Tamarite</strong>, el&nbsp;<strong>CFJ Mollerussa</strong>&nbsp;i l’<strong>Alcarràs</strong>, acumulant més d’un centenar de partits a la Tercera Federació i a la Primera Catalana.</p>
