{"id":7729,"date":"2025-10-06T23:54:00","date_gmt":"2025-10-06T21:54:00","guid":{"rendered":"https:\/\/lleidacf.cat\/?post_type=plantilla&#038;p=7729"},"modified":"2025-11-24T23:08:27","modified_gmt":"2025-11-24T22:08:27","slug":"jaume-viladegut","status":"publish","type":"plantilla","link":"https:\/\/lleidacf.cat\/es\/plantilla\/jaume-viladegut\/","title":{"rendered":"Jaume Viladegut"},"content":{"rendered":"<p>Jaume Viladegut \u00e9s un\u00a0<strong>defensa central de 19 anys<\/strong>\u00a0del Lleida CF que pot desenvolupar-se tant de mig camp central com en altres rols del centre del camp. \u00c9s un jugador amb experi\u00e8ncia en categories de formaci\u00f3 com\u00a0<strong>Cornell\u00e0 U19<\/strong>\u00a0i\u00a0<strong>Sabadell U19 B<\/strong>, que aquesta temporada comen\u00e7a a integrar-se en el primer equip blau. Destaca per la seva adaptabilitat, visi\u00f3 de joc i capacitat de suport defensiu i ofensiu, encara en fase de consolidaci\u00f3.<\/p>","protected":false},"featured_media":7730,"template":"","nacionalitat":[52],"club":[71],"ocupacio":[27,25],"class_list":["post-7729","plantilla","type-plantilla","status-publish","has-post-thumbnail","hentry","nacionalitat-espanya","club-lleida-cf","ocupacio-defensa","ocupacio-jugador"],"_links":{"self":[{"href":"https:\/\/lleidacf.cat\/es\/wp-json\/wp\/v2\/plantilla\/7729","targetHints":{"allow":["GET"]}}],"collection":[{"href":"https:\/\/lleidacf.cat\/es\/wp-json\/wp\/v2\/plantilla"}],"about":[{"href":"https:\/\/lleidacf.cat\/es\/wp-json\/wp\/v2\/types\/plantilla"}],"wp:featuredmedia":[{"embeddable":true,"href":"https:\/\/lleidacf.cat\/es\/wp-json\/wp\/v2\/media\/7730"}],"wp:attachment":[{"href":"https:\/\/lleidacf.cat\/es\/wp-json\/wp\/v2\/media?parent=7729"}],"wp:term":[{"taxonomy":"nacionalitat","embeddable":true,"href":"https:\/\/lleidacf.cat\/es\/wp-json\/wp\/v2\/nacionalitat?post=7729"},{"taxonomy":"club","embeddable":true,"href":"https:\/\/lleidacf.cat\/es\/wp-json\/wp\/v2\/club?post=7729"},{"taxonomy":"ocupacio","embeddable":true,"href":"https:\/\/lleidacf.cat\/es\/wp-json\/wp\/v2\/ocupacio?post=7729"}],"curies":[{"name":"wp","href":"https:\/\/api.w.org\/{rel}","templated":true}]}}

<p>Jaume Viladegut és un <strong>defensa central de 19 anys</strong> del Lleida CF que pot desenvolupar-se tant de mig camp central com en altres rols del centre del camp. És un jugador amb experiència en categories de formació com <strong>Cornellà U19</strong> i <strong>Sabadell U19 B</strong>, que aquesta temporada comença a integrar-se en el primer equip blau. Destaca per la seva adaptabilitat, visió de joc i capacitat de suport defensiu i ofensiu, encara en fase de consolidació.</p>
