{"id":7740,"date":"2025-10-07T11:48:30","date_gmt":"2025-10-07T09:48:30","guid":{"rendered":"https:\/\/lleidacf.cat\/?post_type=plantilla&#038;p=7740"},"modified":"2025-10-07T11:48:31","modified_gmt":"2025-10-07T09:48:31","slug":"guido-ratto","status":"publish","type":"plantilla","link":"https:\/\/lleidacf.cat\/es\/plantilla\/guido-ratto\/","title":{"rendered":"Guido Ratto"},"content":{"rendered":"<p>Guido Ratto Canziani \u00e9s un davanter argent\u00ed nascut el\u00a0<strong>8 de juny de 1999 a Buenos Aires<\/strong>\u00a0que afronta la seva\u00a0<strong>segona temporada al futbol catal\u00e0<\/strong>\u00a0i la primera al\u00a0<strong>Lleida CF<\/strong>. Extrem esquerre amb capacitat per actuar tamb\u00e9 com a davanter, destaca per la seva\u00a0<strong>velocitat, verticalitat i desequilibri en l\u20191 contra 1<\/strong>, aix\u00ed com per la seva entrega constant en tasques ofensives i defensives.<br>Format futbol\u00edsticament entre\u00a0<strong>Argentina i It\u00e0lia<\/strong>, Canziani ha acumulat experi\u00e8ncia en diversos pa\u00efsos i categories, amb etapes al\u00a0<strong>Slavia Mozyr<\/strong>\u00a0de Bielor\u00fassia,\u00a0<strong>Gibraltar United<\/strong>,\u00a0<strong>AE Prat<\/strong>,\u00a0<strong>Atl\u00e9tico Monz\u00f3n<\/strong>\u00a0i\u00a0<strong>CD Bin\u00e9far<\/strong>, on va ser una pe\u00e7a clau a Tercera Federaci\u00f3. Amb m\u00e9s d\u2019un centenar de partits com a professional, arriba al conjunt blau per\u00a0<strong>aportar dinamisme i profunditat<\/strong>\u00a0a les bandes.<\/p>","protected":false},"featured_media":7741,"template":"","nacionalitat":[55],"club":[71],"ocupacio":[29,25],"class_list":["post-7740","plantilla","type-plantilla","status-publish","has-post-thumbnail","hentry","nacionalitat-argentina","club-lleida-cf","ocupacio-davanter","ocupacio-jugador"],"_links":{"self":[{"href":"https:\/\/lleidacf.cat\/es\/wp-json\/wp\/v2\/plantilla\/7740","targetHints":{"allow":["GET"]}}],"collection":[{"href":"https:\/\/lleidacf.cat\/es\/wp-json\/wp\/v2\/plantilla"}],"about":[{"href":"https:\/\/lleidacf.cat\/es\/wp-json\/wp\/v2\/types\/plantilla"}],"wp:featuredmedia":[{"embeddable":true,"href":"https:\/\/lleidacf.cat\/es\/wp-json\/wp\/v2\/media\/7741"}],"wp:attachment":[{"href":"https:\/\/lleidacf.cat\/es\/wp-json\/wp\/v2\/media?parent=7740"}],"wp:term":[{"taxonomy":"nacionalitat","embeddable":true,"href":"https:\/\/lleidacf.cat\/es\/wp-json\/wp\/v2\/nacionalitat?post=7740"},{"taxonomy":"club","embeddable":true,"href":"https:\/\/lleidacf.cat\/es\/wp-json\/wp\/v2\/club?post=7740"},{"taxonomy":"ocupacio","embeddable":true,"href":"https:\/\/lleidacf.cat\/es\/wp-json\/wp\/v2\/ocupacio?post=7740"}],"curies":[{"name":"wp","href":"https:\/\/api.w.org\/{rel}","templated":true}]}}

<p>Guido Ratto Canziani és un davanter argentí nascut el <strong>8 de juny de 1999 a Buenos Aires</strong> que afronta la seva <strong>segona temporada al futbol català</strong> i la primera al <strong>Lleida CF</strong>. Extrem esquerre amb capacitat per actuar també com a davanter, destaca per la seva <strong>velocitat, verticalitat i desequilibri en l’1 contra 1</strong>, així com per la seva entrega constant en tasques ofensives i defensives.<br>Format futbolísticament entre <strong>Argentina i Itàlia</strong>, Canziani ha acumulat experiència en diversos països i categories, amb etapes al <strong>Slavia Mozyr</strong> de Bielorússia, <strong>Gibraltar United</strong>, <strong>AE Prat</strong>, <strong>Atlético Monzón</strong> i <strong>CD Binéfar</strong>, on va ser una peça clau a Tercera Federació. Amb més d’un centenar de partits com a professional, arriba al conjunt blau per <strong>aportar dinamisme i profunditat</strong> a les bandes.</p>
