{"id":7742,"date":"2025-10-07T11:54:15","date_gmt":"2025-10-07T09:54:15","guid":{"rendered":"https:\/\/lleidacf.cat\/?post_type=plantilla&#038;p=7742"},"modified":"2025-10-07T11:54:16","modified_gmt":"2025-10-07T09:54:16","slug":"jorge-revert","status":"publish","type":"plantilla","link":"https:\/\/lleidacf.cat\/es\/plantilla\/jorge-revert\/","title":{"rendered":"Jorge Revert"},"content":{"rendered":"<p>Jorge Revert Navarro \u00e9s un&nbsp;<strong>extrem dret valenci\u00e0<\/strong>&nbsp;nascut el&nbsp;<strong>19 de novembre del 2004 a La Pobla Llarga (Val\u00e8ncia)<\/strong>. Amb nom\u00e9s 20 anys, \u00e9s un futbolista de&nbsp;<strong>gran projecci\u00f3<\/strong>, destacat per la seva&nbsp;<strong>velocitat, intensitat i capacitat per generar superioritats<\/strong>&nbsp;des de la banda.<\/p>\n\n\n\n<p>Format a la pedrera de l\u2019<strong>UD Alzira<\/strong>, va passar pel seu filial i posteriorment pel&nbsp;<strong>UD Castellonense<\/strong>&nbsp;i el&nbsp;<strong>Patacona CF<\/strong>, abans d\u2019arribar al&nbsp;<strong>Lleida CF<\/strong>&nbsp;a la temporada 2025\/26. Malgrat la seva joventut, acumula m\u00e9s d\u2019un centenar de partits entre Lliga Nacional, Divisi\u00f3 d\u2019Honor i Tercera Federaci\u00f3, demostrant&nbsp;<strong>maduresa competitiva i comprom\u00eds en el treball sense pilota<\/strong>.<\/p>","protected":false},"featured_media":7743,"template":"","nacionalitat":[52],"club":[71],"ocupacio":[29,25],"class_list":["post-7742","plantilla","type-plantilla","status-publish","has-post-thumbnail","hentry","nacionalitat-espanya","club-lleida-cf","ocupacio-davanter","ocupacio-jugador"],"_links":{"self":[{"href":"https:\/\/lleidacf.cat\/es\/wp-json\/wp\/v2\/plantilla\/7742","targetHints":{"allow":["GET"]}}],"collection":[{"href":"https:\/\/lleidacf.cat\/es\/wp-json\/wp\/v2\/plantilla"}],"about":[{"href":"https:\/\/lleidacf.cat\/es\/wp-json\/wp\/v2\/types\/plantilla"}],"wp:featuredmedia":[{"embeddable":true,"href":"https:\/\/lleidacf.cat\/es\/wp-json\/wp\/v2\/media\/7743"}],"wp:attachment":[{"href":"https:\/\/lleidacf.cat\/es\/wp-json\/wp\/v2\/media?parent=7742"}],"wp:term":[{"taxonomy":"nacionalitat","embeddable":true,"href":"https:\/\/lleidacf.cat\/es\/wp-json\/wp\/v2\/nacionalitat?post=7742"},{"taxonomy":"club","embeddable":true,"href":"https:\/\/lleidacf.cat\/es\/wp-json\/wp\/v2\/club?post=7742"},{"taxonomy":"ocupacio","embeddable":true,"href":"https:\/\/lleidacf.cat\/es\/wp-json\/wp\/v2\/ocupacio?post=7742"}],"curies":[{"name":"wp","href":"https:\/\/api.w.org\/{rel}","templated":true}]}}

<p>Jorge Revert Navarro és un&nbsp;<strong>extrem dret valencià</strong>&nbsp;nascut el&nbsp;<strong>19 de novembre del 2004 a La Pobla Llarga (València)</strong>. Amb només 20 anys, és un futbolista de&nbsp;<strong>gran projecció</strong>, destacat per la seva&nbsp;<strong>velocitat, intensitat i capacitat per generar superioritats</strong>&nbsp;des de la banda.</p>



<p>Format a la pedrera de l’<strong>UD Alzira</strong>, va passar pel seu filial i posteriorment pel&nbsp;<strong>UD Castellonense</strong>&nbsp;i el&nbsp;<strong>Patacona CF</strong>, abans d’arribar al&nbsp;<strong>Lleida CF</strong>&nbsp;a la temporada 2025/26. Malgrat la seva joventut, acumula més d’un centenar de partits entre Lliga Nacional, Divisió d’Honor i Tercera Federació, demostrant&nbsp;<strong>maduresa competitiva i compromís en el treball sense pilota</strong>.</p>
