{"id":7745,"date":"2025-10-07T19:17:13","date_gmt":"2025-10-07T17:17:13","guid":{"rendered":"https:\/\/lleidacf.cat\/?post_type=plantilla&#038;p=7745"},"modified":"2026-02-02T10:45:13","modified_gmt":"2026-02-02T09:45:13","slug":"aleix-leon","status":"publish","type":"plantilla","link":"https:\/\/lleidacf.cat\/es\/plantilla\/aleix-leon\/","title":{"rendered":"Aleix Le\u00f3n"},"content":{"rendered":"<p>Aleix Le\u00f3n Ruiz \u00e9s un&nbsp;<strong>extrem catal\u00e0<\/strong>&nbsp;nascut l\u2019any&nbsp;<strong>2004<\/strong>&nbsp;que afronta la seva&nbsp;<strong>primera temporada al Lleida CF<\/strong>&nbsp;despr\u00e9s de destacar amb el&nbsp;<strong>CF Balaguer<\/strong>&nbsp;a Primera Catalana. Futbolista ofensiu amb capacitat per actuar tant a les bandes com en posicions m\u00e9s centrals, es caracteritza per la seva&nbsp;<strong>velocitat, desbordament i treball intens sense pilota<\/strong>.<\/p>\n\n\n\n<p>Despr\u00e9s d\u2019una temporada molt completa al Balaguer, amb&nbsp;<strong>28 partits disputats i 1 gol<\/strong>, Le\u00f3n ha fet el salt al futbol de&nbsp;<strong>Tercera Federaci\u00f3<\/strong>&nbsp;per aportar&nbsp;<strong>profunditat i desequilibri<\/strong>&nbsp;a l\u2019atac del conjunt blau. Tot i la seva joventut, demostra&nbsp;<strong>maduresa i sacrifici<\/strong>, guanyant-se minuts progressivament en el primer equip.<\/p>","protected":false},"featured_media":7746,"template":"","nacionalitat":[52],"club":[71],"ocupacio":[29,25],"class_list":["post-7745","plantilla","type-plantilla","status-publish","has-post-thumbnail","hentry","nacionalitat-espanya","club-lleida-cf","ocupacio-davanter","ocupacio-jugador"],"_links":{"self":[{"href":"https:\/\/lleidacf.cat\/es\/wp-json\/wp\/v2\/plantilla\/7745","targetHints":{"allow":["GET"]}}],"collection":[{"href":"https:\/\/lleidacf.cat\/es\/wp-json\/wp\/v2\/plantilla"}],"about":[{"href":"https:\/\/lleidacf.cat\/es\/wp-json\/wp\/v2\/types\/plantilla"}],"wp:featuredmedia":[{"embeddable":true,"href":"https:\/\/lleidacf.cat\/es\/wp-json\/wp\/v2\/media\/7746"}],"wp:attachment":[{"href":"https:\/\/lleidacf.cat\/es\/wp-json\/wp\/v2\/media?parent=7745"}],"wp:term":[{"taxonomy":"nacionalitat","embeddable":true,"href":"https:\/\/lleidacf.cat\/es\/wp-json\/wp\/v2\/nacionalitat?post=7745"},{"taxonomy":"club","embeddable":true,"href":"https:\/\/lleidacf.cat\/es\/wp-json\/wp\/v2\/club?post=7745"},{"taxonomy":"ocupacio","embeddable":true,"href":"https:\/\/lleidacf.cat\/es\/wp-json\/wp\/v2\/ocupacio?post=7745"}],"curies":[{"name":"wp","href":"https:\/\/api.w.org\/{rel}","templated":true}]}}

Aleix León

<p>Aleix León Ruiz és un&nbsp;<strong>extrem català</strong>&nbsp;nascut l’any&nbsp;<strong>2004</strong>&nbsp;que afronta la seva&nbsp;<strong>primera temporada al Lleida CF</strong>&nbsp;després de destacar amb el&nbsp;<strong>CF Balaguer</strong>&nbsp;a Primera Catalana. Futbolista ofensiu amb capacitat per actuar tant a les bandes com en posicions més centrals, es caracteritza per la seva&nbsp;<strong>velocitat, desbordament i treball intens sense pilota</strong>.</p>



<p>Després d’una temporada molt completa al Balaguer, amb&nbsp;<strong>28 partits disputats i 1 gol</strong>, León ha fet el salt al futbol de&nbsp;<strong>Tercera Federació</strong>&nbsp;per aportar&nbsp;<strong>profunditat i desequilibri</strong>&nbsp;a l’atac del conjunt blau. Tot i la seva joventut, demostra&nbsp;<strong>maduresa i sacrifici</strong>, guanyant-se minuts progressivament en el primer equip.</p>
