{"id":7752,"date":"2025-10-07T19:30:59","date_gmt":"2025-10-07T17:30:59","guid":{"rendered":"https:\/\/lleidacf.cat\/?post_type=plantilla&#038;p=7752"},"modified":"2025-10-07T19:57:52","modified_gmt":"2025-10-07T17:57:52","slug":"fran-magno","status":"publish","type":"plantilla","link":"https:\/\/lleidacf.cat\/es\/plantilla\/fran-magno\/","title":{"rendered":"Franco Magno"},"content":{"rendered":"<p>Franco Magno \u00e9s un&nbsp;<strong>davanter argent\u00ed<\/strong>&nbsp;nascut l\u20191 de maig de 1993 que afronta la seva&nbsp;<strong>primera temporada al Lleida CF<\/strong>. Extrem dret amb experi\u00e8ncia i bona lectura ofensiva, destaca per la seva&nbsp;<strong>pot\u00e8ncia, capacitat d\u2019arribada i instint golejador<\/strong>&nbsp;dins l\u2019\u00e0rea rival.<\/p>\n\n\n\n<p>Amb una traject\u00f2ria \u00e0mplia al futbol catal\u00e0 i internacional, ha competit a la&nbsp;<strong>Primera Catalana, Tercera Federaci\u00f3 i la lliga de San Marino<\/strong>, defensant els colors de clubs com l\u2019<strong>Igualada<\/strong>, l\u2019<strong>Asc\u00f3<\/strong>, el&nbsp;<strong>CFJ Mollerussa<\/strong>&nbsp;o el&nbsp;<strong>Faetano<\/strong>. La seva experi\u00e8ncia i lideratge aporten&nbsp;<strong>maduresa i desequilibri a l\u2019atac blau<\/strong>.<\/p>","protected":false},"featured_media":7755,"template":"","nacionalitat":[55],"club":[71],"ocupacio":[29,25],"class_list":["post-7752","plantilla","type-plantilla","status-publish","has-post-thumbnail","hentry","nacionalitat-argentina","club-lleida-cf","ocupacio-davanter","ocupacio-jugador"],"_links":{"self":[{"href":"https:\/\/lleidacf.cat\/es\/wp-json\/wp\/v2\/plantilla\/7752","targetHints":{"allow":["GET"]}}],"collection":[{"href":"https:\/\/lleidacf.cat\/es\/wp-json\/wp\/v2\/plantilla"}],"about":[{"href":"https:\/\/lleidacf.cat\/es\/wp-json\/wp\/v2\/types\/plantilla"}],"wp:featuredmedia":[{"embeddable":true,"href":"https:\/\/lleidacf.cat\/es\/wp-json\/wp\/v2\/media\/7755"}],"wp:attachment":[{"href":"https:\/\/lleidacf.cat\/es\/wp-json\/wp\/v2\/media?parent=7752"}],"wp:term":[{"taxonomy":"nacionalitat","embeddable":true,"href":"https:\/\/lleidacf.cat\/es\/wp-json\/wp\/v2\/nacionalitat?post=7752"},{"taxonomy":"club","embeddable":true,"href":"https:\/\/lleidacf.cat\/es\/wp-json\/wp\/v2\/club?post=7752"},{"taxonomy":"ocupacio","embeddable":true,"href":"https:\/\/lleidacf.cat\/es\/wp-json\/wp\/v2\/ocupacio?post=7752"}],"curies":[{"name":"wp","href":"https:\/\/api.w.org\/{rel}","templated":true}]}}

<p>Franco Magno és un&nbsp;<strong>davanter argentí</strong>&nbsp;nascut l’1 de maig de 1993 que afronta la seva&nbsp;<strong>primera temporada al Lleida CF</strong>. Extrem dret amb experiència i bona lectura ofensiva, destaca per la seva&nbsp;<strong>potència, capacitat d’arribada i instint golejador</strong>&nbsp;dins l’àrea rival.</p>



<p>Amb una trajectòria àmplia al futbol català i internacional, ha competit a la&nbsp;<strong>Primera Catalana, Tercera Federació i la lliga de San Marino</strong>, defensant els colors de clubs com l’<strong>Igualada</strong>, l’<strong>Ascó</strong>, el&nbsp;<strong>CFJ Mollerussa</strong>&nbsp;o el&nbsp;<strong>Faetano</strong>. La seva experiència i lideratge aporten&nbsp;<strong>maduresa i desequilibri a l’atac blau</strong>.</p>
